me factors of y.
2, 17
Let n = -370 - -372. Suppose 2294 = n*j + 4*o, -2*j + j - 5*o + 1150 = 0. What are the prime factors of j?
5, 229
Suppose 0 = -4*v - 2093 + 18177. Suppose 6033 = 11*r - v. What are the prime factors of r?
2, 457
Let n(v) = -5*v + 4. Let i be n(-1). Let c = i - 6. Suppose c*l + 12 - 48 = 0. What are the prime factors of l?
2, 3
Let v = -338 - -595. Let y = v + 131. Suppose -4*t + 7*t - y = -m, -t + 124 = -m. List the prime factors of t.
2
Let x(m) = -208*m - 2. Let t be x(4). Let k = -593 - t. What are the prime factors of k?
241
Let j(c) = 64*c**2 - 462*c - 929. List the prime factors of j(-2).
251
Suppose 0 = 11*v - 2738 - 6018. Suppose 3*h - 146 - v = 0. List the prime factors of h.
2, 157
Let g = 44 - 34. Suppose 2*v = -3*v - 2*i - g, 2*v = i - 4. What are the prime factors of -1*(-126)/(v/(-1))?
3, 7
List the prime factors of (3 + -62*(-18)/(-48))*37872/(-27).
2, 3, 263
Suppose -11*f + 74524 = -f - 41776. What are the prime factors of f?
2, 5, 1163
Suppose -5827*m + 5721*m + 3108980 = 0. List the prime factors of m.
2, 5, 7, 419
Let a(i) = 281*i**2 - 520*i + 55. List the prime factors of a(14).
109, 439
Let c = -53 + 58. Suppose -c*q = 2*b - 25, 15 = 3*q - 2*b - 0. Suppose q*w + 2*o = 100, -2*o = w - o - 23. List the prime factors of w.
2, 3
Suppose -3*n + 38458 = 2*s, -2*s = n - 6*s - 12824. Suppose -2*y - 18*y + n = 0. What are the prime factors of y?
641
Suppose 932226 = 37*b - 277378. List the prime factors of b.
2, 11, 743
Suppose 0*m + m - 3*j - 12861 = 0, 3*m - 38544 = -4*j. List the prime factors of m.
2, 3, 7, 17
Let k = 636 + -639. Let q(f) = -53*f**3 + f**2 - 8*f + 4. What are the prime factors of q(k)?
2, 367
Let v(o) = -o**2 - 28*o + 96. Let r be v(-31). Suppose -3*c - 312 = -4*q, -4*q - r*c + 63 = -3*q. What are the prime factors of q?
3, 5
Let d be -21*(-3)/18*4. Suppose -16*l + d*l = 1074. Let h = -316 - l. What are the prime factors of h?
13, 17
Let t be -3 - 0/((-4)/(-1)). Let m = t + 11. Suppose -10*g + m*g + 90 = 0. What are the prime factors of g?
3, 5
Suppose -7253 = -7*x + 7230. Suppose 1045 = 9*j - x. What are the prime factors of j?
2, 173
Suppose -2*s - 2292 = -2*c, 16*c - 11*c + 2*s = 5751. List the prime factors of c.
3, 383
Let l(o) = -437*o - 1436. What are the prime factors of l(-32)?
2, 3137
Suppose 0 = -4*v - 5*s + 19319, 0*s - 9 = -3*s. List the prime factors of v.
2, 19, 127
Suppose -180 = 3*l + 9*l. Let t(u) = -u**3 - 15*u**2 + 8. Let i be t(l). Suppose 18*s - i*s = 510. List the prime factors of s.
3, 17
Suppose 3*f = -5*n + 11634, 4*n + 5*f - 13368 = -4053. What are the prime factors of n?
3, 5, 31
Suppose 4*c = -5*k - 13, -23*k + 18*k = 3*c + 11. List the prime factors of ((-63)/5)/((-674)/(-340) + c).
2, 3, 7, 17
Let g(v) = 1349*v - 3288. What are the prime factors of g(19)?
22343
Suppose 13046 = -36*g + 47*g. Suppose 4*h = -20, 5*h = 5*z - 1769 - g. List the prime factors of z.
2, 293
Let a = -8 - -6. Let c = -16 - a. Let b = 95 + c. What are the prime factors of b?
3
Suppose 136 = -3*b + 22. Let f(w) = 74*w - 11. Let v be f(1). Let n = b + v. List the prime factors of n.
5
Suppose -54*v - 3132 = -58*v. Suppose 0 = -5*g - 4*b + v, 3*g + 4*b = -g + 624. Suppose 2*l - 174 = 4*j, g + 260 = 5*l - 2*j. List the prime factors of l.
83
Suppose -2 - 18 = -4*f. Let p = -124 + 292. Suppose k - f*k = -p. List the prime factors of k.
2, 3, 7
Let z = 561 + -397. Suppose -a + g + 61 = -4*g, -4*a = -4*g - z. What are the prime factors of a?
2, 3
Let w(g) = g**3 - 7*g**2 - 9*g + 25. Let q be w(7). List the prime factors of (-1162 - 2)/(-2) - q/(-19).
2, 5, 29
Let o(g) = 5*g - 26. Let z(v) = 16*v - 78. Let c(p) = -8*o(p) + 3*z(p). Let m be c(17). Let y = m - 71. What are the prime factors of y?
3, 13
Let b be (12/(-5))/((-13)/845). Suppose -b = -2*p + 26. List the prime factors of ((-52)/p)/((-2)/91).
2, 13
Suppose r + 2*h + 51 = 0, -5 + 1 = 2*h. What are the prime factors of (4848/(-7))/(-3) + r/(-329)?
3, 7, 11
Let y(t) = -124*t + 6028. List the prime factors of y(-172).
2, 7, 977
Let n(z) = 77*z + 66. Let s be ((-342)/(-152))/((-3)/(-8)). List the prime factors of n(s).
2, 3, 11
Let a be (14/(-4))/((1/(-10))/1). Let u = a + 14. Suppose n - 57 = u. What are the prime factors of n?
2, 53
Let t(d) = -28 - 34 - 39 - 30 + 33*d + 122. What are the prime factors of t(19)?
2, 3, 103
Suppose -34*m - 9669 = -37*m. Let h = m + -2232. What are the prime factors of h?
991
Suppose 1558603 - 3189257 - 5919626 = -90*q. What are the prime factors of q?
2, 3, 6991
Let c(b) = -b - 7. Let s be c(-11). What are the prime factors of (2 - 0 - s) + 385?
383
Let m = -12279 + 14733. List the prime factors of m.
2, 3, 409
Let x be ((-22)/(-4))/(4/(-8)). Suppose -8*v + 49*v - 3854 = 0. Let t = v + x. List the prime factors of t.
83
Suppose -2*p + a + 17 = 10, -2*p = -2*a - 4. Suppose 0 = p*h + 234 - 2469. What are the prime factors of h?
3, 149
Suppose -303 = -5*a - 643. List the prime factors of (a/(-102))/(1/1548).
2, 3, 43
Let v = -19042 - -70034. What are the prime factors of v?
2, 3187
Suppose 4*w - 25992 = 4*v, 11*w - 9*w + 3*v - 12976 = 0. What are the prime factors of w?
2, 17, 191
Let y = -53 + 57. Suppose -5*l + 611 = 4*x - y*l, -2*l - 308 = -2*x. List the prime factors of x.
3, 17
Let d = -153 + 380. Suppose 0 = 3*k + n - 408 - 262, -k + d = 4*n. List the prime factors of k.
223
List the prime factors of 6/180*201692 - (-1)/(-15).
3, 83
Let b = -3925 - -5520. Suppose -4*j - 195 = -b. List the prime factors of j.
2, 5, 7
Let y = 348 - 97. Suppose -747*l + 2686 = -764*l. Let t = y + l. List the prime factors of t.
3, 31
Suppose 3*f + 71 = -2*p + 6*p, p = -5*f - 126. Let w = 449 - f. List the prime factors of w.
2, 3, 79
Let i be -1*(-4)/3*(-6)/(-4). What are the prime factors of (108 - i) + (-7)/(-7)?
107
Let q = -47 - -128. Let c(n) = -23*n**2 - n. Let v be c(-1). Let m = q + v. What are the prime factors of m?
59
Suppose -28 + 13 = -j. Let q(p) = 3*p - 4 - p + j*p. What are the prime factors of q(1)?
13
Let i(a) = -3*a - 27. Let p be i(-10). Suppose 0 = 4*l + 5*h - 73, p - 17 = -2*l + 2*h. Suppose 327 = l*v - 657. List the prime factors of v.
2, 41
Let h = -22366 - -37200. What are the prime factors of h?
2, 7417
Suppose -327*f + 338*f = 51844 + 20129. What are the prime factors of f?
3, 727
Let x(f) = -f**3 - 9*f**2 - 6*f - 11. Let c be x(-9). Let s = c + -18. What are the prime factors of s - ((-25)/15 - (-2)/3)?
2, 13
Suppose 24*a = 20*a + 2336. Suppose 3420 + a = 13*q. List the prime factors of q.
2, 7, 11
Suppose 0 = -5*z + 10, 2*w + z = -2*w - 142. Let s = 38 + w. List the prime factors of -4*((-225)/10 + s).
2, 41
Suppose 7*d + 937265 = 12*d + 56*d. What are the prime factors of d?
5, 7, 439
Suppose 2*o - 4*j + 26 = 0, -3*o + 5*j - 3*j - 23 = 0. Let c be (128/80)/(1/o). List the prime factors of 2/c + (-162)/(-8).
2, 5
Let c(n) be the first derivative of 7*n**3/3 + 7*n**2/2 + 25*n - 15. Let t(x) = 4*x**2 + 4*x + 12. Let w(b) = 3*c(b) - 5*t(b). List the prime factors of w(-9).
3, 29
Let n = -509 + 482. Let c(u) = u**3 + 27*u**2 - 21*u - 56. What are the prime factors of c(n)?
7, 73
Let a(p) = 6591*p - 1613. List the prime factors of a(3).
2, 5, 227
Let o = -1188 - 143. Let w = -456 - o. List the prime factors of w.
5, 7
Let z(b) = 5*b**3 + 3 - 3 - 6*b - 2 - 3 + 25*b - 4*b**2. What are the prime factors of z(6)?
5, 11, 19
Let f = 8530 + -3423. What are the prime factors of f?
5107
Suppose 3*r = 5*d - 78409 + 13681, 2*d + r - 25900 = 0. List the prime factors of d.
2, 3, 13, 83
Let o = -14 - -20. Suppose 3 = -3*m, -h - 4*m = -o*h - 16. What are the prime factors of 4/6*(0 - 186/h)?
31
Let c(x) = -x**3 + 6*x**2 + 2*x + 23. Let f be c(6). Let k = 31 - -48. Suppose r - f - k = 0. What are the prime factors of r?
2, 3, 19
Let s(g) be the second derivative of -31*g**5/120 - g**4/12 - 7*g**3/6 + 4*g. Let h(x) be the second derivative of s(x). What are the prime factors of h(-1)?
29
Let u(m) = 5*m + 41. Let j(h) = 2*h**2 - 8*h + 3. Let x be 23/4 - 6/8. Let c be j(x). List the prime factors of u(c).
2, 53
Let g = 2382 - 1696. Let r = g - 278. What are the prime factors of r?
2, 3, 17
Suppose 6*k - 24 = -0*k. Let n(h) = 2*h**2 - 4*h - 7. Let t be n(k). Suppose -t*g + 372 = -5*g. List the prime factors of g.